ainder when 641 is divided by 0 + 1/(-1) - (-4)/(164/2993)?
65
Let y be -2 - (-1333)/3 - (-18)/(-54). Suppose -7*c + y - 337 = 0. Calculate the remainder when ((-1)/2)/(2/(-284)) is divided by c.
11
Let j = 741 - 533. What is the remainder when j is divided by 57?
37
Let z be ((-1)/2)/(23/(-460)). Suppose i = z*i - 630. Calculate the remainder when i is divided by 19.
13
Let z(n) = 2*n**3 - 26*n**2 + 54*n - 749. What is the remainder when z(16) is divided by 549?
4
Let k = 245 - 223. What is the remainder when 287 is divided by k/33 - (-642)/9?
71
Let j(n) = 54*n**3 + n**2 - n + 1. Let m(q) = 3*q - 5 - q + 5*q - 5*q. Calculate the remainder when j(1) is divided by m(12).
17
Suppose -j = -2*v - 13, -v - 5 = j + 3*v. Let o = 32 + j. What is the remainder when o is divided by 8/(-6)*(-504)/48?
11
Suppose 4*g + 8 = 0, -3*m + 2044 = -3*g + 7*g. Suppose -m = -20*l + 1036. What is the remainder when l is divided by 15?
11
Suppose 0 = -5*o - 15 + 60. Suppose -5*r + o*r = 56. Suppose -y + r = 4*z, 5*y - y = 2*z + 56. What is the remainder when 53 is divided by y?
11
Let m = 0 + 0. Suppose 0 = 2*k - 5*l - 100, -102 - 118 = -4*k + 5*l. Suppose k = -m*f + 4*f. What is the remainder when 21 is divided by f?
6
Calculate the remainder when 5667 is divided by -1 + 0 + (-156 - -199).
39
Let g(v) = 92*v + 13. Let h be g(5). Let m = h - 44. Calculate the remainder when m is divided by 10.
9
Suppose 3*c - 2 = 5*v, 0 = 5*v - 2*c - 4 + 2. Suppose -s - 8 = -5*g, g - 5*s + v*s + 4 = 0. Suppose -b + 4 = 2. Calculate the remainder when b is divided by g.
0
Let n be 2/7 + 222/7. Suppose -9*z = -z + n. Calculate the remainder when 9 + 1/(1/z) is divided by 3.
2
Suppose -g - 3 = 2*g, -5*l + 500 = 5*g. Suppose -l*s - 231 = -108*s. What is the remainder when s is divided by 22?
11
Suppose -53 = -w + m - 32, -3*m = -2*w + 45. What is the remainder when 268 is divided by w?
16
Let w = 121 - -540. Let v = 831 - w. What is the remainder when v is divided by 51?
17
Let g(r) = -64*r**2 + 38*r**2 + 28*r**2 + 6 - 4*r + 1. Let k = 19 + -3. What is the remainder when g(-5) is divided by k?
13
Let m = -3494 + 3528. Calculate the remainder when m is divided by (5 - 3)/((-4)/(-26)).
8
Suppose 0 = -4*l + 6 - 14. Let u = 15 - l. What is the remainder when u is divided by (-6)/30 + 22/10 + 3?
2
Suppose 3*s = -9 + 3. Let z be 25/20*(-172)/((-2)/s). Calculate the remainder when (z/(-10))/((-4)/(-8)) is divided by 15.
13
Let d = 11900 + -11896. What is the remainder when 65 is divided by d?
1
Let w(m) = 4*m**2 - 2. Suppose -5*r = 12*r - 5321. Let n = 322 - r. What is the remainder when w(2) is divided by n?
5
Suppose -1329*j - 5467 = -1400*j. Calculate the remainder when 1228 is divided by j.
73
Suppose -3*l = -4*q - 0*l + 59, -q = -3*l - 26. Let n = 22 - 17. Suppose -n*h + 5*d = -145, 0 = 4*d - 0*d + 4. What is the remainder when h is divided by q?
6
Suppose 3*f = -2*s + 162, -4*s + 368 = -6*f + f. Suppose -82*v = -s*v + 20. Calculate the remainder when 11 is divided by v.
3
Suppose c + 28 - 31 = 0. What is the remainder when 211 is divided by c?
1
Let y be 18/(8 - -1) + -1 + 132. Let f = -128 - -37. Let b = f + y. Calculate the remainder when b is divided by 16.
10
Let u = -255459 - -255735. What is the remainder when u is divided by 324/16 - 2/8?
16
Suppose 3078 = -1099*h + 1156*h. Calculate the remainder when (2/(-4))/(1/(-226)) is divided by h.
5
What is the remainder when 1*(-10)/2 - (-5374 + 194) is divided by 28?
23
Let h(j) = 2*j**2 + 5*j + 26. Let a be h(-8). Suppose 0 = 3*d - 6 - 15. What is the remainder when 76/a*(-33)/(-2) is divided by d?
4
Calculate the remainder when ((-28476)/(-756))/(1/3) is divided by 16.
1
Let n = 11602 - 11574. What is the remainder when 2210 is divided by n?
26
Let y(f) be the second derivative of 40*f - 1/12*f**4 - 7/6*f**3 + 0 + 3*f**2. What is the remainder when 82 is divided by y(-6)?
10
Let k(r) be the second derivative of r**3 + 58*r**2 - 261*r. Suppose -4*b - 3*a - a + 16 = 0, -2*b + 23 = -a. What is the remainder when b is divided by k(-18)?
1
Suppose 187*g - 134*g = 6572. Calculate the remainder when 352 is divided by g.
104
Calculate the remainder when 785 is divided by (20/(-6))/(6/(-117)).
5
What is the remainder when (-951 + (-28)/(-28))/(2/(-22)) is divided by 13?
11
What is the remainder when 280030/1230 + 8/6 is divided by 209?
20
Let k = -4494 + 4516. What is the remainder when 2571 is divided by k?
19
Suppose -28*o = -79 - 5. Calculate the remainder when 23 is divided by 20 + -9 + o + -2.
11
Let x = 59 - 59. Suppose -4*d + 2*n + 52 = x, -41 = -3*d + 2*n - n. What is the remainder when 284 is divided by d?
14
Suppose 4*f + 24 = -4*f. Let x be 2 - (0 - (f - -1)). Suppose 0*a - 2*a + 12 = x. What is the remainder when 64 is divided by a?
4
Let k = -5976 - -6022. What is the remainder when 153 is divided by k?
15
Let v(r) = -16*r**2 + r + 4. Let m = -146 + 143. Let u be v(m). What is the remainder when (-26)/u - 955/(-11) is divided by 15?
12
Suppose -5*l = -l - 44. Suppose 3*z = -i + 629, -2*z + 381 = 3*i - 50. What is the remainder when z is divided by l?
10
Let r(i) = 30*i**2 + 4*i. Suppose -7*l + 4 - 18 = 0. Let y(x) = -4*x + 10. What is the remainder when r(l) is divided by y(-7)?
36
Let l be ((-69)/4)/(213/568). What is the remainder when (-1 - 0)*(0 + -6) is divided by (-196)/35 + 5 + l/(-10)?
2
Let u(x) = -22*x + 3. Let l be (-40)/12 - 2/(-6). What is the remainder when u(l) is divided by 6?
3
Suppose 19903*j - 19889*j = 9884. What is the remainder when j is divided by 39?
4
Suppose 8*w - 52 - 492 = 0. What is the remainder when 528 is divided by w?
52
Suppose -130*h + 907 = -1173. Let u = -27 - -32. Calculate the remainder when h is divided by u.
1
Let k be (77/(-21) + 3)*-39*5. Let v = -37 + k. Suppose 3*b - 34 = 23. Calculate the remainder when v is divided by b.
17
Suppose 3*s + 22*s = -475. Let c(k) = -k**3 - 19*k**2 - 5*k - 51. Calculate the remainder when c(s) is divided by 33.
11
Let b = 10925 + -8025. Calculate the remainder when b is divided by 24.
20
Suppose -6*g + 688 = -3*o - 7*g, -3*o + 5*g = 664. Let z = 243 + o. Calculate the remainder when 53 is divided by z.
8
What is the remainder when 3489 is divided by 9*13/((-156)/(-8))?
3
Let x(v) = 8*v - 59. Let m be x(8). Suppose 0*r = 2*r - m*o + 21, -3*o = -r - 12. What is the remainder when 254 is divided by ((-2)/4)/(r/306)?
50
Let b = 370 - 260. What is the remainder when b is divided by 26?
6
Let y(u) = -1644*u + 118510. Calculate the remainder when y(72) is divided by (2/2)/((-2)/(-62)).
18
Suppose -j + 129 = 2*j. Let w = -39 + j. What is the remainder when (-85)/(-10)*w - -4 is divided by 22?
16
Let m be (-5)/2*14948/185. Let t = -183 - m. What is the remainder when 68 is divided by t?
11
Let n = 574 - 574. Suppose 7*a - 5*a = -4*d + 142, d - 1 = n. Calculate the remainder when 688 is divided by a.
67
Let p(q) = q**3 - 16*q**2 - 18*q + 14. Let b be p(17). Let m be 17*-4*b + -4. Let y = -116 + m. Calculate the remainder when y is divided by 18.
12
Suppose -23*y + 432 = -11*y. What is the remainder when (-14)/21*y*(-20)/3 is divided by 9?
7
Let u = -17538 + 18382. Calculate the remainder when u is divided by 23.
16
Suppose -10 = -20*p + 110. Let x(t) = 117*t**2 - 1. Calculate the remainder when x(1) is divided by p.
2
Let h(i) = -i**2 - 9*i + 2. Let z be h(-9). Let c(a) = 1187 + z*a + a**2 - 1187. What is the remainder when c(-6) is divided by 9?
6
Let v(u) = -u**2 + 19*u + 19. Let c be v(21). Let g = -20 - c. Calculate the remainder when 17344/160 - g/(-5) is divided by 10.
9
Let w = 176 + -157. Suppose 17*j + 52 = w*j - 2*t, -3*t = 6. What is the remainder when 138 is divided by j?
18
Let c = -16169 + 16309. What is the remainder when 175 is divided by c?
35
Suppose -3*f - 336 = -5*f + 4*g, 5*f = 3*g + 847. Let y = f + -133. Calculate the remainder when 73 is divided by y.
36
Suppose 0 = -m + 8 + 5. Let u = 112 + 112. Calculate the remainder when (-159)/(-7) - (-64)/u is divided by m.
10
Let x = 18 - 4. Let z = 28 - x. Suppose 9055*i - 158536 = 4883*i. Calculate the remainder when i is divided by z.
10
Suppose -8*o = -9*o + 5*x + 371, -1073 = -3*o + 5*x. Let y = -338 + o. Calculate the remainder when 166 is divided by y.
10
Suppose 4*y + 130 = 2*f, -141 + 346 =